j = -1 - -3. Let t = j - -3. What is the units digit of t?
5
Let y be ((-4)/(-6))/((-16)/(-984)). Suppose -4*t = 4*r - 31 - y, t + 4*r - 27 = 0. What is the tens digit of t?
1
Suppose 2*m = 3*q - 260, 3*m = -m - 4. What is the tens digit of q?
8
Let m be -3*(-5)/6*2. Suppose -4*s = -t + 2*t - 4, 0 = -m*s - t + 6. What is the units digit of s?
2
Suppose 15 = -3*m + 8*m. What is the tens digit of (27/6)/(m/18)?
2
Let i = -29 - -48. What is the tens digit of i?
1
Let g = -10 - -14. Suppose 3*b - 2 = -5*n, n + 4*n = g*b - 26. What is the units digit of n/11 - (-13)/11?
1
Let l(i) = 3*i - 8. Let k(v) = -3*v + 7. Let o(w) = -6*k(w) - 5*l(w). Let u = -12 - -16. What is the tens digit of o(u)?
1
Suppose 29 = 5*q + 9. Let d be (-2)/(q/(-2))*3. Suppose -d*j + 45 = 2*j. What is the units digit of j?
9
Suppose 3*s = 100 - 16. What is the tens digit of s?
2
Let g be 3/(-15) + 21/5. Suppose -16 = -8*t + g*t. Suppose 7*l - 4*l = 5*z - 8, t*l = 4*z. What is the units digit of z?
4
Suppose -2*f = z + 2, -z + 2 = 5*f - 2. Let v = 14 + z. What is the units digit of v?
8
Let a(h) = -h**2 - h + 24. What is the units digit of a(0)?
4
Let y be 0/((-1 - 0)*1). Let w(u) = u**2 - 13*u + 54. Let r be w(5). Suppose y = -o + r + 2. What is the tens digit of o?
1
What is the units digit of ((-10)/4)/(14/(-308))?
5
Suppose 0 = 2*x - 51 - 5. What is the tens digit of x?
2
Suppose 0 = 10*q - 12*q + 138. What is the tens digit of q?
6
Let s(c) = c + 2. Let q be s(0). Suppose -5*a - 3*u = -50, -3*a = -q*a - 5*u - 38. What is the tens digit of a?
1
Suppose -3*s - 3*h = -3, -2*s + h + 11 = 6*h. Let m be (-4)/s + (-13 - 0). Let j(p) = p**2 + 10*p - 2. What is the units digit of j(m)?
9
Let f(j) be the first derivative of j**4/4 - 2*j**3 + j**2 - 9*j + 3. Let o be f(6). Suppose 2 + 1 = o*s. What is the units digit of s?
1
Suppose -469 = -13*s + 662. What is the units digit of s?
7
Suppose -4*f + 9 = -11. Suppose 10 + 10 = f*n. What is the units digit of n/14 - (-114)/42?
3
Let t(c) be the first derivative of 1/3*c**3 - 6*c + 4 - c**2. What is the units digit of t(5)?
9
Suppose 9*d - 5*d = 0. Suppose -8*y + 3*y + 75 = d. What is the tens digit of y?
1
Suppose -16*y = -8*y - 1232. What is the hundreds digit of y?
1
Let y(a) = -a**3 - 5*a**2 - a - 3. What is the units digit of y(-5)?
2
Let i be (-1 - 4)/(2/(-2)). Suppose 2 = i*y - 4*a, -13 = -y - 2*a + 7*a. What is the units digit of (y - -3) + -2 + 4?
3
Suppose 4*s + 29 = -3*l + 118, 3*s - 93 = -3*l. Suppose 5*f + 5*h - l = 0, 3*h - 4 = 3*f - 31. What is the units digit of f?
8
Let w(f) = 3*f**3 - f**2 + 1. Suppose 2*b + 5 = b. Let a = -4 - b. What is the units digit of w(a)?
3
Let m(c) = -2*c - 7. Let q be m(-5). Let k(y) = 2*y + q - 5 - 8. What is the units digit of k(9)?
8
Let h(p) = 7*p**2 + p - 2. Let f be h(5). Suppose 4*q + 3*l - 4*l = -f, -q - 55 = 5*l. What is the units digit of ((-2)/3)/(6/q)?
5
What is the hundreds digit of 133/(4 - (8 + -5))?
1
Let p = -16 + 18. Suppose p*q - 7 = 17. What is the tens digit of q?
1
Let k be (-2)/(-3)*-1*-6. Suppose 4*r + 76 = 4*u, 0 = k*u + r + 12 - 93. What is the tens digit of u?
2
Let o = 241 - 10. What is the units digit of o?
1
Suppose 0 = 3*m + 15, 8*g - 35 = 3*g - 4*m. What is the tens digit of g?
1
Suppose 0 = -2*i + 4 + 12. What is the units digit of i?
8
Let f be (5/3 - 3)*-3. Suppose -r + 3 - f = 0. What is the units digit of ((-3)/(-6))/(r/(-14))?
7
Let l = -15 + 29. What is the tens digit of l?
1
Let n = 32 + 27. What is the tens digit of n?
5
Suppose 2*u = 4*u - 48. What is the units digit of u?
4
Let r(o) = 11*o + 2. Let t(d) = -2 - 7*d - 4*d + 1. Let a(f) = -2*r(f) - 3*t(f). What is the tens digit of a(1)?
1
Suppose 4*d - 3*d = -h + 56, h - 36 = 4*d. What is the tens digit of h?
5
Suppose -d + 2*k + 0 - 2 = 0, d - 4*k = -8. Suppose q = -d*q + 10. What is the units digit of q?
2
Let w be (-3)/(-15) - (-87)/15. Let n be w/(-15) + (-51)/(-15). Suppose -3*m = 2*r - 34, -n*m + 4*r = -0*m - 22. What is the tens digit of m?
1
Let x = -1 - -4. Let p = -3 - -11. Let h = p - x. What is the units digit of h?
5
Let v(o) = 7 + o - 5*o - 2*o + o**2. Let p be v(5). Let h = 3 - p. What is the units digit of h?
1
Let r = 110 - 162. Let q = 1 - r. What is the units digit of q?
3
Suppose 0*f + 5 = f. Suppose f*w + 2*i + 112 = -10, -4*w = -5*i + 124. Let q = -15 - w. What is the units digit of q?
1
Let n = 2 - 1. Let w(u) = 4 - 2 - 3 + 5*u. What is the units digit of w(n)?
4
Let f(t) = -2*t - 2. Let x be f(-2). Let s(g) = 2*g**2 + 3*g + 0*g**3 - 3 - 3*g**3 + 2*g**3. What is the units digit of s(x)?
3
Suppose 0 = 2*d - d. Suppose -2*v + 24 = -d*v. What is the tens digit of v?
1
Suppose -5 = -2*v + s - 4*s, -16 = -v + 3*s. What is the units digit of v?
7
Let v be (-1 - -3)/(-4 - -5). Let p = 0 + v. Suppose -m - 3*j + 5 = j, 9 = m + p*j. What is the units digit of m?
3
Let i = -240 + 410. What is the units digit of i?
0
Suppose -6*b = 40 + 662. Let s = -66 - b. What is the tens digit of s?
5
Let p be -2 + 69/(-6)*-2. Let f = p + -14. What is the units digit of f?
7
What is the tens digit of 1 + 1 - 5 - (2 - 366)?
6
Let k = 8 - 12. What is the units digit of (-11)/(-2) + 2/k?
5
Suppose -a - x + 2*x = -25, -2*a + 62 = -5*x. Suppose 3*w - y - a = -7, 4*w - 22 = 2*y. What is the units digit of w?
3
Let v = -4 - -26. Suppose -4*q = -130 + v. What is the tens digit of q?
2
Let q(s) = -s**3 + s + 15. Let o(i) = -i - 5. Let k be o(-5). What is the tens digit of q(k)?
1
Let x = 13 + -9. What is the tens digit of (68/(-6))/(x/(-6))?
1
Let x = -5 + 3. Let a be 1/(1/x) - 4. Let h = -5 - a. What is the units digit of h?
1
Let v be (-3 - -1)/((-1)/12). Suppose v + 3 = 3*z. What is the units digit of z?
9
Let d(q) = q**2 + 2*q + 56. What is the tens digit of d(0)?
5
Suppose -16*n = -7*n - 1062. What is the units digit of n?
8
Let c(p) = 4*p + 9. What is the units digit of c(3)?
1
Suppose -5*s + 23 = 2*b, 0*b + b = -5*s + 4. Suppose -h + b = 6. Let w = -5 + h. What is the units digit of w?
8
Let x(c) = -7*c**2 + 4*c**3 - 9*c + 2*c - 3*c**3 + 12 - 2*c. What is the units digit of x(8)?
4
Let u(k) = 2*k**3 + 3*k**2 - 1. Let g be u(-3). Let r = -7 - g. What is the units digit of 12/(-2 - r/(-6))?
8
Let i(a) = a**3 + a + 7. Let g be i(0). Suppose -5 = -g*f + 2*f. What is the units digit of f?
1
Let h(v) = -v**3 - 7*v**2 - 5*v + 6. Let j be h(-6). What is the tens digit of 19 + j + 6/2?
2
Let x(p) be the first derivative of p**3/3 + 2*p**2 - 8*p + 1. What is the tens digit of x(-7)?
1
Let y(u) = -u**3 - 3*u**2 - 3*u - 2. Let q be y(-2). Let x(c) = c - 14. Let r be x(q). What is the units digit of (-27)/(-21) + 4/r?
1
What is the units digit of 1 - (-5 + 1 + -89)?
4
Let a(g) = g**3 - 3*g**2 - 7*g + 4. Let n be a(5). Suppose n = 3*h + 7. Suppose 24 = 5*i + 3*c, h*i + 0*c = -3*c + 21. What is the units digit of i?
3
Suppose -178 = -5*b - g, -5*b + 4*b - 3*g = -30. What is the tens digit of b?
3
Let s be (1 - -1) + -4 - -5. Suppose -s*d = d - 28. What is the units digit of d?
7
Suppose -2*q + 14 = -28. What is the units digit of q?
1
Let h(i) = -i**3 + 3*i**2 + i - 2. Let n be h(2). Suppose -3*r = -n*r - 6. Let p = 1 - r. What is the units digit of p?
7
Suppose -1 + 3 = i. Let b be (7 - 2)*(3 - i). Let s(w) = w + 2. What is the units digit of s(b)?
7
What is the units digit of 11*4*9/6?
6
Let v(m) be the second derivative of -5/2*m**2 + 7/6*m**3 - 1/12*m**4 - 2*m + 0. What is the units digit of v(4)?
7
Suppose -5*d = v - 285, 2*v = 7*v. What is the tens digit of d?
5
Let a(w) = w**3 - 5*w**2 + 2*w - 4. What is the tens digit of a(6)?
4
Let r(c) = -19*c**2 + 10*c**2 + c + 14*c**3 + 8*c**2. Let i(h) = h**2 - 3*h + 3. Let b be i(2). What is the units digit of r(b)?
4
Suppose 3*p + 0*p = 0. Suppose 0 = -4*z - p*z + 24. What is the units digit of 2/z*9/3?
1
Suppose -3*f + 19 = v, v = f + 31 - 4. What is the units digit of v?
5
Let v(y) = -y**3 - 2*y**2 + 4*y + 3. Let b be v(-3). Suppose -3*z + 7 + 5 = b. What is the units digit of z?
4
Let w(c) = -c**2 + 12*c - 6. What is the units digit of w(10)?
4
Let i(h) = 13*h + 80. What is the units digit of i(19)?
7
Let t = 18 - 8. Suppose 5*h - t = -0. What is the units digit of h?
2
Let s(u) = 6*u. Let h be s(1). Suppose -36 = 3*x - h*x. What is the units digit of x?
2
Let l(x) =